 = -a**2 + 5*a + 3. Suppose -2*z + 2*s + 136 = 0, 5*z - s - 369 + 49 = 0. Let x = z + -59. Determine r(x).
7
Suppose 307*d + 65 = 294*d. Let r be (-45)/d + -2 - 9. Let c(q) = -19*q. What is c(r)?
38
Let i(l) = -l**2 + 31*l - 164. Let a be i(7). Let j(z) = -27 - a*z**2 + 2*z - 50 + 76. What is j(1)?
-3
Suppose 0 = 12*w - 7 - 17 + 108. Let x(h) = 2*h**2 + 28*h + 103. Determine x(w).
5
Let r(c) = 3*c + 28. Suppose 65 = 154*p - 159*p - 5*m, -3*m = -4*p - 31. Calculate r(p).
-2
Let f(m) = m**3 + 9*m**2 + 6. Let s(b) = -1. Let n(a) = -15*a - 159. Let d be n(-11). Let x(y) = d*s(y) + f(y). Calculate x(-9).
0
Suppose 0 = 6*g + 123 - 99. Let j be g/6 + (-4)/48*-20. Let s(i) = 2*i**3. Give s(j).
2
Let m(t) = 3*t + 1. Let o be m(-2). Let w(b) = 4*b**2 - 23*b - 3 + 16*b - 3257*b**3 + 3258*b**3. Determine w(o).
7
Let t(z) be the third derivative of -z**5/60 - 7*z**4/24 - 2*z**3/3 - 4137*z**2 - 2. Calculate t(-9).
-22
Let f(l) = 8*l + 10. Let n(j) be the third derivative of 5*j**4/8 + 19*j**3/6 + 7*j**2. Let p(v) = -7*f(v) + 4*n(v). Let g = -152 + 146. Calculate p(g).
-18
Let n(j) = -j**3 + 22*j**2 + 30*j + 15. Let d be n(18). Let t(q) = -1851*q + d*q + q**2. What is t(-3)?
9
Let b(o) = -5*o**2 - 5*o - 2. Let c be (34/(-24) - (-20)/30)*32. Let z be 2/(-1*(-16)/c). Calculate b(z).
-32
Let z = 35 + -35. Suppose z = u - 4*u + 24. Suppose u*s - 14*s = 12. Let b(c) = c**2 + c + 1. Calculate b(s).
3
Let b(u) = u**2 - 8*u + 4. Suppose 7*w + 0*w = -728. Let o = -97 - w. Let j be o - (30/(-75))/((-2)/10). What is b(j)?
-11
Let f(g) be the third derivative of g**5/60 - 7*g**4/24 - g**3/2 + 2*g**2. Let a(l) = 40*l - 12. Let t be a(1). Let k be (-32)/(-28) - (-108)/t. Determine f(k).
-13
Suppose 0 = 4*z - 335 + 439. Let g be (z/(-52))/((-3)/6). Let h(y) = -26*y + 1. What is h(g)?
27
Let s(w) = -33741 - w + w**3 - 5*w + 5*w**2 + 33732. What is s(-6)?
-9
Let k(n) = n**3 - 3*n. Let b be -6 + 10 + -1 + 3 + -4. Let y be k(b). Let s(l) = 111*l**3 + 4*l**y - 55*l**3 + 3 - 55*l**3. Determine s(-4).
3
Suppose 43*n = 22*n. Suppose 3*q + a + 11 = 7*q, q + 7 = -3*a. Let g be (q/(-1))/(-1 + n + 2). Let y(w) = -w**2 - 5*w - 3. Determine y(g).
3
Let o(p) be the third derivative of -2*p**2 + 0 + 35/24*p**4 + 0*p**3 + 81*p. Determine o(1).
35
Let q(a) = -3*a - 38. Let t be q(-11). Let s(p) = 5*p + 28. Let g be s(t). Let h(k) = 1 + 8*k**g + k**2 - k + 3*k**3 - 5*k**3 + 2*k**3. Calculate h(1).
9
Let w = -227 - -232. Suppose 3*s = 5*t + 3 - 2, -3*t + w*s - 7 = 0. Let o(y) be the second derivative of 3*y**4/2 - y**3/3 + y**2/2 + y. Calculate o(t).
17
Suppose 10*r + 13*r = -92. Let o(h) = -5 - h**3 - 5 - 3*h + 6 - 3*h**2 - h. Determine o(r).
28
Let f(h) = 3*h**2 + 19*h - 1. Let y(u) = 5*u**2 + 19*u - 4. Let k(p) = 3*f(p) - 2*y(p). Give k(18).
23
Let l(v) = -5*v**2 + 1. Let m be ((-495)/(-22))/(-1*(-1)/2). Let p = 47 - m. Suppose -3*f - 1 = -p*f - s, -5*f = 4*s - 22. What is l(f)?
-19
Let u(f) = 88. Let o(q) = 2*q + 246. Let g(t) = 3*o(t) - 8*u(t). Give g(-3).
16
Suppose -4*k = -q - 20, 2*k + 2*k = 5*q + 36. Let d(i) be the third derivative of -1/12*i**5 + 1/3*i**3 + 0 + 1/12*i**k + 0*i - 4*i**2. Give d(-2).
-22
Let y(h) = h**3 + 5*h**2 - 7*h + 7. Let b be y(-6). Let w be 10/15 + b/3. Let o(i) be the third derivative of i**4/24 - 7*i**3/6 - 294*i**2. Calculate o(w).
-2
Let i be 24/(-14)*-7*2/4. Let b(k) be the first derivative of -1/2*k**2 + 4*k - 6. Calculate b(i).
-2
Let u(z) be the second derivative of -z**5/20 + z**4/4 + 2*z**3/3 - z**2 + 692*z. Give u(4).
-2
Let f = 11 - 12. Let r(h) = -5*h**2 - 2*h - 1. Let j be r(f). Let o(p) = 0 + 8 + 5*p - 2. Give o(j).
-14
Suppose -h + 5*u = -6, -7*h = -2*h + 2*u + 24. Let r(v) be the first derivative of v**3 + v**2 + 3*v - 253. Determine r(h).
43
Suppose 5*j - 15 = l, 6*j = j + 5*l + 15. Let v(u) = -u**2 + 2*u + 6. Let k be v(j). Let y(m) = 2 - m - 1 + 0*m. Give y(k).
-2
Let r = 1370 + -1368. Let v(z) be the second derivative of 3/2*z**2 - 1/2*z**3 + 5/12*z**4 - z + 0 - 1/20*z**5. Give v(r).
9
Let b(d) = -d**3 + 5*d**2 + 7*d - 3. Let s(l) be the first derivative of 3*l**2 - 12*l - 44. Let x be s(3). Calculate b(x).
3
Let b be (1 - -4)/45 + (-19)/((-342)/(-236)). Let t(m) = -m**3 - 11*m**2 + 28*m + 7. Determine t(b).
-19
Let j(a) be the first derivative of 19*a**2/2 - 4*a - 5528. Give j(3).
53
Let m(t) = t**2 + 2324*t**3 - 2323*t**3 - 10*t**2 + 3 + 8*t. Suppose -10*y + 96 = 16. Determine m(y).
3
Let l be 2 + 30/5 + -5. Let m(x) = 6*x**l - 2*x**3 - 4*x**2 - 3*x + 4*x**3 + 4 - 7*x**3 + x**2. What is m(4)?
8
Let k(f) = -f**3 - 7*f**2 - 5. Let z be k(-7). Let n be -9*(z/(-3) - 2). Let u(r) be the first derivative of r**4/4 - 4*r**3/3 + r**2 - 3842. Give u(n).
-3
Suppose -t - 86 - 83 = -165, -4*t - 9 = w. Let u(h) be the first derivative of h**2/2 - 14*h - 1. Determine u(w).
-7
Let y(q) = -4*q - 3*q - q + 4 + 3*q + 4*q. Let c(p) = -p**3 + 5*p**2 + 10*p - 20. Let x be c(6). What is y(x)?
0
Let z(r) = -3*r + 9. Let k be z(2). Let g(a) = 3*a - 5. Let h(w) = 4*w - 5. Let p(n) = k*g(n) - 2*h(n). Let c be p(7). Let d(o) = 5*o - 1. Give d(c).
9
Let m(u) = -3*u - 7. Let i(b) = 3*b + 7. Let k(r) = 4*i(r) + 3*m(r). Determine k(0).
7
Let t(j) be the third derivative of -j**5/20 - 13*j**4/12 - 5*j**3/6 - 43*j**2. Let y(h) = h**2 + 9*h + 1. Let l(q) = 3*t(q) + 8*y(q). Calculate l(-6).
-7
Let r(f) = -f - 14. Let i(j) = 2*j + 14. Let v(a) = a**2 + 6*a + 6. Let z be v(-2). Let l(h) = z*i(h) - 3*r(h). What is l(6)?
8
Let f(p) = -p - 10. Let b(q) = -3*q + 0*q - 41 + 48. Suppose 2*k - 9 - 4 = j, 3*j + 31 = 4*k. Let o be b(k). Calculate f(o).
-5
Let o(d) = -d**2 - 126*d - 2999. Let b be o(-32). Let w(y) = -y**3 + 10*y**2 - 7*y + 18. Determine w(b).
36
Let a = -319 - -321. Let i(m) = -56*m + a + 0 + 30*m + 30*m. Determine i(-6).
-22
Let c be ((-55)/(-77))/((-3)/(-21)). Let q(m) = 7*m**3 - 10*m**2 + 3*m + 16. Let h(l) = 4*l**3 - 5*l**2 + 2*l + 8. Let k(o) = 5*h(o) - 3*q(o). Calculate k(c).
-3
Let c(y) be the third derivative of -y**6/60 - 4*y**5/15 + 23*y**4/24 + 13*y**3/2 - 6469*y**2. Determine c(-9).
-6
Let w(o) = -2919*o + 168. Let c(d) = 211*d - 12. Let z(i) = -83*c(i) - 6*w(i). Suppose 0 = -3*r + x + 15, -2*r - x - 3*x = -24. Determine z(r).
-6
Suppose -3*y - 514 + 496 = -l, -4*y - 4*l - 8 = 0. Let c(j) = -j**3 - 6*j**2 + 3*j - 5. Give c(y).
-45
Let y(o) = o**3 - 3*o**2 - 2*o - 5. Let v be y(4). Let k = v + 2. Let w(c) = 6*c - 126. Let i(x) = -8*x + 157. Let h(q) = -4*i(q) - 5*w(q). Determine h(k).
12
Suppose -6*c + 95 = -13. Let w(y) = 54*y - 20*y - c*y + 2 - 18*y. Calculate w(0).
2
Let t(d) be the second derivative of -d**3/3 + 17*d**2/2 - 2*d + 1611. Give t(10).
-3
Let h = -163 + 156. Let x(t) be the third derivative of t**5/30 + 3*t**4/8 - 5*t**3/3 + 15*t**2. Determine x(h).
25
Let k be 112*((-23)/(-10) + (-9)/(-45)). Let n = k - 277. Let y(z) = 1 - z + 4 - 1 - 4*z. What is y(n)?
-11
Let q(b) be the third derivative of 1/20*b**5 + 115*b**2 + 2*b + 0*b**4 - 1/6*b**3 + 0. Calculate q(-3).
26
Let i(o) = -o - 3. Let d be (-15)/(15/3)*(1 - 3). Let u be ((-164)/(-6) - 4)/(2/d). Suppose 2*f = -8*f + u. Calculate i(f).
-10
Let f(k) = -11*k - 14. Let l be -15 + -13 + (-11 - -40). What is f(l)?
-25
Let a(k) = 12*k - 176. Let w be a(15). Let p(g) = -g**3 + 5*g**2 + 2. Calculate p(w).
18
Let m(x) = -x**2 - 39*x - 135. Let i be ((34 + 6)/(-5))/2. Determine m(i).
5
Let s(r) be the first derivative of 5/6*r**3 - 3/2*r**2 + 18 + 1/6*r**4 + 14*r. Let m(w) be the first derivative of s(w). Calculate m(-4).
9
Let o(t) be the first derivative of -t**4/4 + 5*t**3/3 - 5*t**2/2 + 31*t + 2125. Give o(6).
-35
Let k(p) = 5*p**2. Let d be k(2). Suppose -4*o = d, 2*w = 5*w + 2*o + 115. Let r = -30 - w. Let q(x) = x**2 - x - 1. What is q(r)?
19
Let p(a) = 34*a**2 + 18*a + 38. Let r(k) = 40*k**2 + 18*k + 40. Let f(x) = -7*p(x) + 6*r(x). Calculate f(10).
-6
Let s(q) be the first derivative of 3*q**3 - 1/4*q**4 - 5*q + 118 - 9/2*q**2. Calculate s(8).
-13
Let w(d) = -d**3 + 4*d**2 + 2*d - 2. Let i be w(-1). Let z(f) = -9 - 12*f**2 + 3*f**2 - i - 2*f + 10*f**2. Calculate z(5).
5
Let v(z) = 97 + 11*z + 253 + 146 - 292 + 10*z. Determine v(-11).
-27
Let w(j) = -j**3 - 4*j**2 + 4*j - 3. Suppose -21*z + 34 = -4*z. Suppose -r - 28 = 4*t - 3*r, 6 = -z*t - r. Calculate w(t).
2
Let z(x) = x**2 - 1 - 3 + 